he prime factors of j.
3, 9631
Suppose 3*x + 7*v - 8*v = 581, 0 = -4*x - v + 770. List the prime factors of 101 + -95 + x/1.
199
Suppose -222 = -11*d + 64. Suppose -28*y + 8 = -d*y. What are the prime factors of (-54)/4*(2 - y)/1?
3
Let j(c) = 2*c**3 + 15*c - 26. Let u be j(6). Let s = u - 138. What are the prime factors of s?
2, 179
Let p(n) = 4*n**3 + n**2 - 3*n**3 + 2*n - 7 - 2*n**2. Let w(x) = -x**2 + x + 6. Let m be w(2). List the prime factors of p(m).
7
Let r = 10085 - -4803. What are the prime factors of r?
2, 1861
Suppose -9*j - 1204 = 551. Let q be (3 + j/(-2) - 0)*138. What are the prime factors of 6/(-16) + q/184?
3, 5
Suppose 0 = -v + 3*z - 2 - 6, -2*v = 4*z - 24. Let a be -2 + v/(-2) - 140/4. Let c = 146 + a. What are the prime factors of c?
107
Let v(q) = -4197*q - 3243. List the prime factors of v(-3).
2, 3, 19, 41
Suppose 2*s - 10 = 7*s. Let g be (-38 + 4)/(s*(-1)/(-8)). Suppose 0 = -2*f + 68 + g. List the prime factors of f.
2, 3, 17
Suppose -i = -0*i, 5*y = -i + 890. Suppose y = r + 49. What are the prime factors of r?
3, 43
Suppose 0 = 5*o + x - 120838, 146*o - 3*x + 24162 = 147*o. What are the prime factors of o?
2, 3, 19, 53
What are the prime factors of (18 - (-378)/(-24))*((-20118)/(-9) + 2)?
2, 3, 839
Suppose -8*m - 226 = -426. Suppose -10*o - 10185 = -m*o. List the prime factors of o.
7, 97
Let z(t) = 16619*t**3 - 3*t**2 + 29*t - 30. What are the prime factors of z(1)?
5, 3323
Let r = 78 - 113. What are the prime factors of 13*((-1035)/r + (-8)/14)?
13, 29
Suppose 0 = -5*n - 4*m + 14873, -35*m = -36*m + 2. List the prime factors of n.
3, 991
Let r(f) = -4*f**3 + 2*f**2 + 57*f + 479. List the prime factors of r(-9).
2, 761
Let f(c) = 94*c - 33*c - c**2 - 14 - 36*c - 30*c. Let l be f(-19). List the prime factors of ((-10)/4)/(20/l).
5, 7
Suppose 4*p + 33959 = 4*v - 3*v, -2*v + 68006 = 3*p. What are the prime factors of v?
19, 1789
Suppose 5*a - 213 = -d, 2*a + a = -d + 203. Let y = d - -46. Suppose 0 = 5*f - y - 196. What are the prime factors of f?
2, 43
List the prime factors of (18522/(-8) + -3)/(4 - 402/96).
2, 11, 281
Suppose 5*o = -f + 67115, o - 12*f = -8*f + 13402. What are the prime factors of o?
2, 3, 2237
Suppose 0 = -h + 9*h - 64. Suppose 2*k = 5*b - 2*k - 20, -2*b = k - 8. Suppose x - h*c - 139 = -7*c, -2*c + 538 = b*x. What are the prime factors of x?
2, 17
Suppose 0 = -18*i - 142 + 3040. Suppose -2*m + 96 + 100 = t, -t + 5*m + i = 0. What are the prime factors of t?
2, 3, 31
Let f(u) = -u**2 + 14*u + 14. Let q be f(9). Let x = q - 59. Suppose d + m - 42 = 0, x = -0*d - 4*d + m + 163. List the prime factors of d.
41
Suppose -38135 + 4966676 + 79629 = 278*m. List the prime factors of m.
3, 5, 1201
Suppose -16725 + 414027 = 46*u. List the prime factors of u.
3, 2879
Suppose -21*s + 90175 = -22994. What are the prime factors of s?
17, 317
Let q = 63 + -107. Let r = q - -31. Let w = r + 75. What are the prime factors of w?
2, 31
Suppose 4*u = 50*a - 52*a + 31194, u - 2*a - 7811 = 0. What are the prime factors of u?
29, 269
Let c be -3 - (3 + -4 - 30). Suppose -351 = -2*x - x. Let f = x - c. What are the prime factors of f?
89
Let m be ((-370)/(-222))/(-2*(-2)/24). Suppose 4*r - 784 = -o, 7*o - m*o - r = -2341. List the prime factors of o.
2, 3, 5, 13
Let j(t) = t**3 + 11*t**2 + 2*t - 60. Let u be j(-10). Let p = 629 - u. What are the prime factors of p?
3, 7, 29
Let g(i) be the first derivative of 2*i**3/3 - 13*i**2/2 + 11*i - 6. Let d be g(6). Suppose 0 = m - 3*o + d + 2, -m - 2 = -2*o. List the prime factors of m.
2
Suppose -8 = -s - 4. Suppose -4*o = 3*m - 1165, 4*o - 1059 - 105 = -s*m. List the prime factors of o.
2, 73
Let a = -12 - -13. Let m(b) = 253*b - 2. Let q be m(a). Suppose 2*r - o - q + 68 = 0, 3*r + 3*o - 297 = 0. List the prime factors of r.
2, 47
Suppose 0 = 6*r + 5 - 41. Suppose 0 = -2*p + 4*p - r. Suppose -t - 16 = -w + p*t, 4*t = -5*w + 32. What are the prime factors of w?
2
Suppose -25*f - 132925 = -350000. What are the prime factors of f?
19, 457
Let w = -53 - -52. Let k be w/(-4) + (3 - 183/(-4)). Suppose -k + 10 = -o. List the prime factors of o.
3, 13
Let l = 1412 + -980. Suppose -l = 5*s - 27. Let n = 153 + s. What are the prime factors of n?
2, 3
Let n(g) be the third derivative of -g**5/60 + 3*g**4/4 + 26*g**3/3 - 10720*g**2. Let u(o) = 9*o + 1. Let f be u(1). What are the prime factors of n(f)?
2, 3, 11
Let u = -236 + 370. Suppose -5*h = 4*b - 2*h + 327, -3*b = 5*h + 248. Let a = u + b. List the prime factors of a.
53
Let l be (-15)/(-6)*1*20/25. Let i be (-1)/(12/64)*(-3)/l. Suppose i*o + 66 = 210. List the prime factors of o.
2, 3
Suppose 5*x - 134 = -9. Suppose -5*p + 4*t + 5 = 0, 2*p + x = 4*p + 3*t. Suppose v = 6*v + 20, -3*l + p*v = -302. What are the prime factors of l?
2, 47
Suppose -30 = -3*r - 6. List the prime factors of 3*2 - (r - 223).
13, 17
Let v be 2/(-3) - (-9202)/6. Suppose -23*w + v = -16*w. Suppose 4*c - 3*m = w, 6*m = 4*c + 2*m - 220. List the prime factors of c.
2, 3
Let q = 9939 - -2560. What are the prime factors of q?
29, 431
Let j be (15 - 15)/(-1 + -1 + -1). Suppose -2*p + p + 4 = j. Suppose -4*k + p*s + 120 = 0, -s + 115 = 4*k - 0*s. What are the prime factors of k?
29
Let d = 27 - 24. Suppose 15 = -5*p, -2*b + 0*b - d*p - 121 = 0. What are the prime factors of (882/b)/((-2)/8)?
3, 7
Suppose 0 = x - 4*l - 10, -4*x - 6*l + 145 = -l. List the prime factors of 3/x - 103024/(-160).
2, 7, 23
Let p = -5594 + 8539. What are the prime factors of p?
5, 19, 31
Let a be -4 + 0 + -2 + 670. Suppose 3*d = -2*k + a, -14*k = -12*k - 2*d - 674. What are the prime factors of k?
5, 67
Suppose 23*c = 84*c - 22*c - 1573494. List the prime factors of c.
2, 20173
Let c(l) = 3*l**3 - 28*l**2 - 13*l - 8. Let k be c(12). Suppose -3*t - 4*r + 6*r + 2960 = 0, 0 = -t + 2*r + k. What are the prime factors of t?
2, 17, 29
Let n be (-2)/6 + 26/6. Suppose 5*v + n = v. What are the prime factors of 1778/56*(-4)/v?
127
Let f = 23677 + -14844. What are the prime factors of f?
11, 73
Suppose 24*l - 9011 = 517. Let r = -49 + l. What are the prime factors of r?
2, 3, 29
Suppose 30*r + 0*r = 1560. Suppose -469 = -53*m + r*m. What are the prime factors of m?
7, 67
Let g = 8011 - 1484. List the prime factors of g.
61, 107
Let d be -4*2/4 + 2. Suppose 0 = k + 5*a - 58 - 58, a = d. Suppose 0*h = -h + k. List the prime factors of h.
2, 29
Let r = 1593 + 737. What are the prime factors of r?
2, 5, 233
Suppose -8*c = -11*c + 3363. Let n = c - 649. List the prime factors of n.
2, 59
Let d = -674 - -676. Let l(n) = -n**3 + 7*n**2 - n. Let t be l(5). Suppose -5 = d*j - t. What are the prime factors of j?
2, 5
Suppose -2*i + 0 + 8 = 0. Suppose -7 = i*j + 5, 3*j = r - 61. Let u = r + 15. List the prime factors of u.
67
Let k = -91259 - -139276. List the prime factors of k.
48017
Suppose 0 = -2*z - 3*h - 0*h - 19, 3*z = 5*h. Let f(g) = 6*g**2 + 7*g + 6. Let x be f(z). Let o = -103 + x. What are the prime factors of o?
2, 3
Let o = -100 + 444. Let y = -114 + o. What are the prime factors of y?
2, 5, 23
Let q = 97 + -58. Let x = q - 35. Let v(y) = 2*y**3 + y**2 - 4*y + 4. List the prime factors of v(x).
2, 3, 11
Suppose 9*b + 20 = 19*b. Suppose -b*m = 2*w - 2646, 15*m - 2*w = 12*m + 3949. What are the prime factors of m?
1319
What are the prime factors of (-56)/(-8) - 200/(-5)?
47
Suppose 17 - 32 = -3*x. Suppose -x*a - 32 = -197. Suppose 0 = -5*c + 4*g + 62, 2*g = 3*c + g - a. What are the prime factors of c?
2, 5
Let g be (-7 - (-39)/6)/((-1)/(-4)). Let m be -1*(-24)/(-18)*3/g. List the prime factors of 157 - 1 - (m + 4)/2.
3, 17
Let j(z) = 13 + 132*z - 1 - 114*z - 79*z. What are the prime factors of j(-3)?
3, 5, 13
Suppose -4*i - 18 = -u + 1, 2*u + 4*i - 74 = 0. Let y = u - 26. Suppose 5*b - 508 = q, -y*b - 4*q - 24 = -517. List the prime factors of b.
101
Suppose -5*r + 17365 = -5*h, -11*r - 13894 = -15*r + 5*h. What are the prime factors of r?
3, 13, 89
Let o(d) = -4*d**2 - 178 + 186 - 8*d**2 - 3*d**2 + d**3 + 17*d. Let b be o(15). Suppose 3*r + 3*a - 357 = -2*a, 2*r - 5*a = b. What are the prime factors of r?
2, 31
Let o(t) be the first derivative of 25*t**2 + 2*t - 3. Suppose -22 = 2*m - 24. List the prime factors of o(m).
2, 13
Let b = -27 - -45. Suppose b - 22 = -k. Let j(w) = 14*w**2 + 2*w - 25